True
Is 3251 composite?
False
Is 2016487 composite?
True
Is 2957 composite?
False
Is 221197 prime?
True
Is 1438 a composite number?
True
Is 11665 composite?
True
Is 151379 a composite number?
False
Is 38543 a composite number?
False
Is 5623 composite?
False
Is 21313 composite?
False
Is 7831 composite?
True
Is 325802 prime?
False
Is 24595 composite?
True
Is 2503 composite?
False
Is 3299 composite?
False
Is 3313 a composite number?
False
Is 907 a prime number?
True
Is 133099 a prime number?
False
Is 23323 a prime number?
False
Is 1944281 a composite number?
False
Is 111821 composite?
False
Is 4613135 prime?
False
Is 14583 a composite number?
True
Is 482819 a prime number?
True
Is 1733 a prime number?
True
Is 1767613 composite?
True
Is 1153759 a composite number?
False
Is 989 a composite number?
True
Is 139 prime?
True
Is 56697 a prime number?
False
Is 87313 a prime number?
True
Is 19259 composite?
False
Is 3365 prime?
False
Is 100769 a composite number?
False
Is 603331 prime?
False
Is 1685 a prime number?
False
Is 82681 prime?
False
Is 9029 prime?
True
Is 5221 a composite number?
True
Is 53921 a prime number?
False
Is 17257 prime?
True
Is 29642 a composite number?
True
Is 85947 a composite number?
True
Is 771483 composite?
True
Is 18643 prime?
False
Is 19613 a composite number?
True
Is 819307 composite?
False
Is 289 prime?
False
Is 78103 a prime number?
False
Is 88577 a prime number?
False
Is 207367 a prime number?
True
Is 5251 a prime number?
False
Is 20467 composite?
True
Is 16963 a prime number?
True
Is 395231 composite?
False
Is 22391 prime?
True
Is 103193 a prime number?
False
Is 3911645 a composite number?
True
Is 79531 composite?
False
Is 78379 a composite number?
True
Is 801551 a prime number?
True
Is 751 composite?
False
Is 23401 prime?
False
Is 3613 a composite number?
False
Is 501559 a prime number?
False
Is 27933 composite?
True
Is 64513 composite?
False
Is 334637 a prime number?
True
Is 33679 a composite number?
False
Is 2101 a prime number?
False
Is 5069 composite?
True
Is 28111 prime?
True
Is 35879 a composite number?
False
Is 14783 prime?
True
Is 42281 a composite number?
False
Is 1241627 a composite number?
False
Is 1511 a prime number?
True
Is 705307 prime?
True
Is 58385 a prime number?
False
Is 125403 composite?
True
Is 65791 a composite number?
True
Is 1872283 composite?
True
Is 257 prime?
True
Is 224113 a prime number?
True
Is 27635 a prime number?
False
Is 120229 composite?
True
Is 28277 composite?
False
Is 12889 a prime number?
True
Is 67523 composite?
False
Is 6343 composite?
False
Is 370471 composite?
False
Is 163509 composite?
True
Is 233743 a composite number?
False
Is 3155 a prime number?
False
Is 75821 a prime number?
True
Is 4177 prime?
True
Is 206153 composite?
False
Is 1367201 a prime number?
False
Is 497 prime?
False
Is 2045 prime?
False
Is 97985 composite?
True
Is 565991 composite?
True
Is 123077 a composite number?
False
Is 1163339 prime?
True
Is 1847 prime?
True
Is 225662 a composite number?
True
Is 4673 a composite number?
False
Is 408607 a composite number?
False
Is 25439 composite?
False
Is 6803 composite?
False
Is 10853 composite?
False
Is 8121 a prime number?
False
Is 1168363 prime?
False
Is 10651 a prime number?
True
Is 60859 prime?
True
Is 311 a prime number?
True
Is 27787 composite?
True
Is 30863 composite?
True
Is 64709 a composite number?
False
Is 3959 a composite number?
True
Is 260297 prime?
False
Is 797341 a prime number?
False
Is 7883 a prime number?
True
Is 45053 a prime number?
True
Is 242791 a composite number?
True
Is 35729 a composite number?
False
Is 106567 a composite number?
True
Is 481 prime?
False
Is 164309 prime?
True
Is 413389 prime?
False
Is 16811 composite?
False
Is 46106 composite?
True
Is 12373 prime?
True
Is 44071 a composite number?
False
Is 1861447 composite?
True
Is 10351 a prime number?
False
Is 14689 composite?
True
Is 34427 a prime number?
False
Is 95857 composite?
False
Is 1466 a prime number?
False
Is 6121 prime?
True
Is 7451 composite?
False
Is 445202 composite?
True
Is 110947 prime?
True
Is 1171 prime?
True
Is 257053 a composite number?
False
Is 431191 composite?
False
Is 99959 a composite number?
True
Is 20929 a composite number?
False
Is 98611 a prime number?
False
Is 955 composite?
True
Is 35417 composite?
True
Is 414881 a composite number?
True
Is 2949 a composite number?
True
Is 17529 a composite number?
True
Is 110989 a composite number?
False
Is 281153 a prime number?
True
Is 187531 a prime number?
True
Is 867383 a prime number?
False
Is 618029 prime?
True
Is 641 a prime number?
True
Is 17621 prime?
False
Is 703949 a composite number?
False
Is 1597 composite?
False
Is 751 prime?
True
Is 419513 a composite number?
False
Is 2495 a composite number?
True
Is 34117 a prime number?
False
Is 25219 a prime number?
True
Is 1009 composite?
False
Is 179317 a composite number?
False
Is 430649 composite?
False
Is 49523 prime?
True
Is 889 prime?
False
Is 65057 prime?
False
Is 21001 composite?
False
Is 1198511 a composite number?
False
Is 655 a composite number?
True
Is 1086557 a prime number?
True
Is 43391 a prime number?
True
Is 709201 composite?
False
Is 160039 a composite number?
True
Is 33959 a composite number?
True
Is 2430671 a composite number?
False
Is 19051 a prime number?
True
Is 38989 prime?
False
Is 21647 a prime number?
True
Is 4406 a composite number?
True
Is 31561 prime?
False
Is 322357 prime?
False
Is 111091 composite?
False
Is 11279 a composite number?
False
Is 5707 a composite number?
True
Is 24593 a prime number?
True
Is 13603 prime?
False
Is 106877 a composite number?
False
Is 2171203 prime?
True
Is 269 a prime number?
True
Is 149639 a composite number?
True
Is 13589 prime?
False
Is 127885 a composite number?
True
Is 12353 a composite number?
True
Is 213 prime?
False
Is 1319261 a prime number?
True
Is 51771 composite?
True
Is 1660195 prime?
False
Is 79309 composite?
False
Is 209767 a composite number?
False
Is 16919 a composite number?
True
Is 312839 composite?
False
Is 253279 a composite number?
True
Is 257311 a composite number?
False
Is 1279 a prime number?
True
Is 100145 composite?
True
Is 28513 a prime number?
True
Is 193351 composite?
True
Is 627511 prime?
True
Is 14563 a prime number?
True
Is 5903 composite?
False
Is 466429 prime?
False
Is 3489 prime?
False
Is 345637 prime?
True
Is 343463 composite?
True
Is 248971 a composite number?
False
Is 51169 a prime number?
True
Is 148769 a composite number?
True
Is 39167 composite?
True
Is 2941 a prime number?
False
Is 54187 a prime number?
False
Is 89398 composite?
True
Is 91079 composite?
False
Is 138689 prime?
False
Is 19661 prime?
True
Is 1139 a composite number?
True
Is 758845 a prime number?
False
Is 631 prime?
True
Is 40423 prime?
True
Is 17273 a prime number?
False
Is 2021899 a composite number?
True
Is 767131 prime?
True
Is 7418 prime?
False
Is 25657 a prime number?
True
Is 56843 composite?
False
Is 1045273 a prime number?
True
Is 161399 a composite number?
True
Is 97757 a prime number?
False
Is 904309 prime?
False
Is 141601 composite?
False
Is 46199 composite?
False
Is 26731 a prime number?
True
Is 4488713 a composite number?
False
Is 178681 prime?
True
Is 63253 prime?
False
Is 21077 a prime number?
False
Is 46009 composite?
True
Is 3437605 composite?
True
Is 864023 prime?
False
Is 19727 composite?
False
Is 1969621 prime?
False
Is 16273 prime?
True
Is 215297 a composite number?
False
Is 59578 a composite number?
True
Is 51817 a prime number?
True
Is 132445 composite?
True
Is 243101 a prime number?
True
Is 13738 a composite number?
True
Is 1399 a prime number?
True
Is 2203 a composite number?
False
Is 47431 a prime number?
True
Is 105377 composite?
True
Is 29335 prime?
False
Is 5591 composite?
False
Is 1120237 prime?
True
Is 474901 prime?
False
Is 627943 prime?
True
Is 19289 a composite number?
False
Is 23683 composite?
True
Is 68339 a composite number?
True
Is 2137 composite?
False
Is 19063 composite?
True
Is 4091 a prime number?
True
Is 79 a composite number?
False
Is 8003 a prime number?
False
Is 11369 prime?
True
Is 8563 prime?
True
Is 4274 a composite number?
True
Is 8097 composite?
True
Is 22163 a prime number?
False
Is 18591 a prime number?
False
Is 53743 a composite number?
True
Is 11157